factor of 614795615 and 205?
205
Calculate the highest common divisor of 22716 and 72756.
36
Calculate the highest common factor of 23328 and 32484726.
486
Calculate the greatest common factor of 7437 and 2344598.
67
Calculate the highest common factor of 1066 and 1160300.
82
What is the greatest common divisor of 145968025 and 6790?
3395
Calculate the highest common divisor of 252 and 334791072.
252
Calculate the highest common factor of 242015 and 141217.
499
What is the greatest common divisor of 330444 and 16?
4
Calculate the greatest common factor of 43441556 and 1484.
212
What is the highest common factor of 1050 and 1454106?
6
Calculate the highest common divisor of 1828640 and 1280.
160
Calculate the highest common divisor of 59150414 and 201.
67
Calculate the highest common divisor of 12914 and 7106.
22
What is the greatest common divisor of 526942 and 6422?
338
What is the greatest common divisor of 125430989 and 19?
19
What is the highest common divisor of 35254648 and 616?
88
Calculate the greatest common factor of 73781940 and 3294.
366
What is the greatest common factor of 16666 and 4793398?
1282
What is the highest common divisor of 78789605 and 92?
23
Calculate the highest common divisor of 12027078 and 1932.
42
What is the highest common divisor of 17605 and 67655?
35
What is the highest common factor of 1253560 and 428645?
1295
Calculate the highest common divisor of 40820 and 4413270.
1570
What is the greatest common divisor of 172180 and 27520?
20
What is the greatest common divisor of 17589474 and 45927?
567
What is the greatest common factor of 88562344 and 52?
52
Calculate the greatest common divisor of 42831792 and 72.
72
What is the highest common divisor of 6928752 and 1932?
12
Calculate the greatest common factor of 70188875 and 9224.
1153
What is the highest common divisor of 5241765 and 4065?
15
Calculate the highest common factor of 13312 and 61477.
13
What is the highest common divisor of 639354429 and 379?
379
Calculate the highest common divisor of 35913143 and 161.
161
What is the greatest common divisor of 383680 and 339680?
1760
What is the greatest common factor of 1278 and 233306?
142
What is the greatest common divisor of 112112 and 84381528?
4312
What is the highest common divisor of 150 and 223015300?
50
Calculate the greatest common factor of 5523 and 2140557.
789
Calculate the highest common factor of 652416 and 207744.
384
Calculate the greatest common divisor of 61334 and 25260172.
4718
Calculate the greatest common divisor of 1184217480 and 24.
24
Calculate the highest common divisor of 2109336 and 81624.
4296
What is the highest common divisor of 30346589 and 91?
91
Calculate the greatest common divisor of 121234212 and 264.
132
What is the greatest common factor of 548750 and 775625?
625
Calculate the highest common factor of 11532212 and 1895.
379
Calculate the greatest common divisor of 65819 and 2955511.
793
Calculate the highest common divisor of 5357028 and 636.
636
Calculate the greatest common factor of 79025 and 886675.
725
Calculate the highest common divisor of 6374335 and 6325.
1265
Calculate the greatest common factor of 1424 and 144364853.
89
What is the highest common factor of 32880 and 1031610?
4110
What is the highest common divisor of 6152 and 35432?
8
Calculate the greatest common divisor of 64 and 3386352.
16
What is the highest common factor of 6823969 and 106697?
4639
Calculate the highest common factor of 855927 and 27.
27
Calculate the highest common factor of 421236055 and 27705.
9235
Calculate the highest common factor of 10323174 and 2538.
282
What is the greatest common factor of 2437 and 76185494?
2437
What is the highest common factor of 1077300 and 15866900?
13300
Calculate the highest common divisor of 2691986 and 858.
22
Calculate the greatest common divisor of 2555 and 55440.
35
What is the greatest common divisor of 54834 and 72846?
114
Calculate the highest common factor of 7168 and 1646038016.
7168
What is the greatest common divisor of 2675 and 3338935?
535
What is the highest common divisor of 246860240 and 1304?
1304
What is the greatest common factor of 6049 and 102994?
23
What is the highest common divisor of 1326347 and 517?
11
What is the highest common factor of 1 and 162311659?
1
What is the greatest common divisor of 682 and 747748892?
682
What is the highest common divisor of 1062833404 and 1564?
1564
Calculate the greatest common divisor of 927 and 4002683.
103
What is the greatest common divisor of 49428994 and 263359?
3173
Calculate the highest common divisor of 5908889 and 3227.
7
What is the greatest common divisor of 976 and 20377111?
61
What is the greatest common divisor of 372 and 83399982?
186
What is the highest common factor of 496860 and 109270?
490
What is the highest common divisor of 188823 and 16153?
557
What is the highest common factor of 21147790 and 61224?
5102
Calculate the highest common factor of 116451 and 573.
3
What is the greatest common divisor of 28752039 and 404241?
3183
Calculate the highest common divisor of 356557 and 1639.
149
What is the greatest common factor of 8127 and 33470082?
387
Calculate the greatest common divisor of 1103847 and 9.
3
Calculate the highest common factor of 3600 and 462312.
72
Calculate the greatest common factor of 52032232 and 4414.
4414
What is the greatest common divisor of 861505 and 139105?
215
Calculate the highest common divisor of 557560 and 2160.
40
Calculate the highest common factor of 3007986 and 552.
138
What is the greatest common divisor of 106968 and 22920?
24
Calculate the highest common factor of 237650271 and 1083.
1083
What is the greatest common factor of 63207417 and 1365?
273
Calculate the highest common factor of 288513895 and 8095.
8095
What is the highest common divisor of 805 and 1395260?
5
What is the greatest common divisor of 198644 and 5194?
106
What is the greatest common factor of 176 and 185017712?
176
What is the highest common factor of 114176594 and 14?
14
Calculate the highest common divisor of 10458104 and 944.
472
What is the greatest common divisor of 745659 and 102411?
27
What is the greatest common factor of 12289609 and 85827?
4087
Calculate the highest common factor of 98 and 2659958.
14
Calculate the highest common factor of 52616930 and 10.
10
What is the greatest common factor of 788346 and 8970?
78
What is the greatest common factor of 2055950 and 1300?
650
What is the greatest common factor of 1 and 5939594?
1
What is the highest common factor of 172554804 and 8370?
558
Calculate the greatest common factor of 629817401 and 3898.
1949
What is the highest common divisor of 1162286 and 38?
2
What is the greatest common factor of 234407 and 3422?
1711
What is the highest common factor of 49815 and 2115?
45
What is the greatest common factor of 550 and 78390840?
110
Calculate the highest common factor of 9868592 and 16.
16
Calculate the highest common factor of 54671080 and 745.
745
Calculate the highest common divisor of 148 and 11880922.
74
Calculate the greatest common factor of 4442 and 1010350668.
4442
What is the greatest common factor of 40311858 and 2454?
2454
What is the greatest common divisor of 98048880 and 1080?
1080
What is the greatest common divisor of 31822422 and 6?
6
Calculate the highest common factor of 464781 and 51.
3
What is the highest common divisor of 750 and 25046600?
50
Calculate the highest common divisor of 2291910 and 198102.
1446
What is the highest common divisor of 138646593 and 1695?
339
Calculate the highest common factor of 37500537 and 831.
831
What is the highest common divisor of 8809 and 998269?
23
Calculate the greatest common factor of 1544 and 54344.
8
What is the highest common divisor of 1246983255 and 27?
27
What is the greatest common factor of 5462192 and 4336?
16
What is the highest common divisor of 1798 and 182790074?
1798
Calculate the greatest common factor of 7936874 and 2420.
242
Calculate the greatest common factor of 254560 and 5020.
20
Calculate the greatest common factor of 142 and 97843751.
71
Calculate the highest common divisor of 2952083 and 58607.
103
What is the highest common factor of 103958470 and 1264?
158
Calculate the highest common factor of 50787 and 2055933.
1881
Wh